remainder when 6531 is divided by 125?
31
Calculate the remainder when 26678 is divided by 566.
76
Calculate the remainder when 2697 is divided by 1047.
603
What is the remainder when 19611 is divided by 2366?
683
What is the remainder when 159926 is divided by 469?
466
What is the remainder when 503814 is divided by 1968?
6
What is the remainder when 258 is divided by 4?
2
What is the remainder when 1537896 is divided by 3?
0
What is the remainder when 289295 is divided by 96428?
11
Calculate the remainder when 569 is divided by 113.
4
What is the remainder when 61027 is divided by 252?
43
Calculate the remainder when 84418 is divided by 28102.
112
Calculate the remainder when 243943 is divided by 346.
13
Calculate the remainder when 16757 is divided by 430.
417
Calculate the remainder when 11682 is divided by 87.
24
What is the remainder when 2496 is divided by 347?
67
What is the remainder when 71501 is divided by 1117?
13
What is the remainder when 4433 is divided by 490?
23
What is the remainder when 4733 is divided by 530?
493
What is the remainder when 2022 is divided by 825?
372
Calculate the remainder when 1087 is divided by 977.
110
What is the remainder when 154647 is divided by 199?
24
What is the remainder when 2620 is divided by 734?
418
What is the remainder when 102826 is divided by 25701?
22
What is the remainder when 3188 is divided by 3100?
88
Calculate the remainder when 15119 is divided by 135.
134
What is the remainder when 11963 is divided by 35?
28
What is the remainder when 12023 is divided by 1995?
53
What is the remainder when 2389 is divided by 430?
239
What is the remainder when 534241 is divided by 47?
39
Calculate the remainder when 1678520 is divided by 25.
20
What is the remainder when 16268 is divided by 3252?
8
What is the remainder when 6764 is divided by 282?
278
Calculate the remainder when 1843 is divided by 258.
37
What is the remainder when 2166 is divided by 700?
66
What is the remainder when 9325 is divided by 10?
5
What is the remainder when 22124 is divided by 1394?
1214
What is the remainder when 3084798 is divided by 40?
38
Calculate the remainder when 28219 is divided by 62.
9
Calculate the remainder when 1653 is divided by 409.
17
What is the remainder when 6432 is divided by 841?
545
What is the remainder when 350 is divided by 122?
106
Calculate the remainder when 29471 is divided by 217.
176
Calculate the remainder when 172110 is divided by 172098.
12
Calculate the remainder when 9260 is divided by 56.
20
What is the remainder when 20637 is divided by 1016?
317
What is the remainder when 995489 is divided by 382?
379
What is the remainder when 2522 is divided by 429?
377
What is the remainder when 15202 is divided by 18?
10
What is the remainder when 1890 is divided by 1883?
7
Calculate the remainder when 3944 is divided by 123.
8
What is the remainder when 10118681 is divided by 1134?
1133
What is the remainder when 159693 is divided by 36?
33
Calculate the remainder when 3628 is divided by 605.
603
Calculate the remainder when 9809 is divided by 3265.
14
Calculate the remainder when 320930 is divided by 21392.
50
What is the remainder when 651018 is divided by 4459?
4
Calculate the remainder when 16577 is divided by 85.
2
What is the remainder when 4966 is divided by 237?
226
Calculate the remainder when 46820 is divided by 468.
20
Calculate the remainder when 28155 is divided by 7036.
11
Calculate the remainder when 16060 is divided by 4012.
12
What is the remainder when 238 is divided by 1?
0
What is the remainder when 2714 is divided by 281?
185
Calculate the remainder when 1735322 is divided by 2.
0
Calculate the remainder when 3420 is divided by 802.
212
Calculate the remainder when 83214 is divided by 1808.
46
What is the remainder when 82950 is divided by 36?
6
Calculate the remainder when 96806 is divided by 69.
68
Calculate the remainder when 2084875 is divided by 249.
247
What is the remainder when 1830 is divided by 140?
10
Calculate the remainder when 50274 is divided by 46.
42
Calculate the remainder when 101060 is divided by 85.
80
What is the remainder when 651656 is divided by 623?
621
What is the remainder when 23110 is divided by 56?
38
What is the remainder when 668 is divided by 29?
1
What is the remainder when 3384 is divided by 39?
30
What is the remainder when 527694 is divided by 52?
50
Calculate the remainder when 26551 is divided by 49.
42
What is the remainder when 3576 is divided by 252?
48
What is the remainder when 13918 is divided by 4636?
10
What is the remainder when 19333 is divided by 41?
22
What is the remainder when 5738 is divided by 816?
26
Calculate the remainder when 34606 is divided by 8647.
18
What is the remainder when 1851741 is divided by 32?
29
What is the remainder when 789 is divided by 744?
45
What is the remainder when 643535 is divided by 738?
737
Calculate the remainder when 42158 is divided by 620.
618
What is the remainder when 13092 is divided by 4321?
129
Calculate the remainder when 29593 is divided by 34.
13
What is the remainder when 90108 is divided by 8?
4
What is the remainder when 523 is divided by 139?
106
What is the remainder when 10735 is divided by 10722?
13
What is the remainder when 1155246 is divided by 577611?
24
Calculate the remainder when 3463 is divided by 1071.
250
What is the remainder when 5900 is divided by 123?
119
Calculate the remainder when 40878 is divided by 25.
3
What is the remainder when 23460 is divided by 5856?
36
What is the remainder when 10463 is divided by 402?
11
What is the remainder when 28949 is divided by 2891?
39
What is the remainder when 118066 is divided by 12?
10
Calculate the remainder when 3958 is divided by 1318.
4
What is the remainder when 319646 is divided by 319631?
15
What is the remainder when 56625 is divided by 56547?
78
Calculate the remainder when 7069 is divided by 448.
349
Calculate the remainder when 3214 is divided by 548.
474
What is the remainder when 182698 is divided by 1384?
10
What is the remainder when 7270 is divided by 1492?
1302
Calculate the remainder when 148476 is divided by 31.
17
What is the remainder when 558718 is divided by 115?
48
Calculate the remainder when 2059 is divided by 663.
70
Calculate the remainder when 61215 is divided by 15300.
15
What is the remainder when 9423 is divided by 817?
436
Calculate the remainder when 8702 is divided by 6.
2
Calculate the remainder when 13674 is divided by 41.
21
Calculate the remainder when 401582 is divided by 43.
5
Calculate the remainder when 1193 is divided by 916.
277
What is the remainder when 4694 is divided by 93?
44
Calculate the remainder when 16783 is divided by 8384.
15
Calculate the remainder when 98133 is divided by 394.
27
Calculate the remainder when 5055 is divided by 45.
15
What is the remainder when 181772 is divided by 197?
138
What is the remainder when 5593 is divided by 1134?
1057
Calculate the remainder when 9801 is divided by 45.
36
Calculate the remainder when 1489 is divided by 65.
59
Calculate the remainder when 229387 is divided by 1374.
1303
Calculate the remainder when 20159 is divided by 42.
41
What is the remainder when 5241 is divided by 49?
47
What is the remainder when 172269 is divided by 148?
145
What is the remainder when 46237 is divided by 15398?
43
What is the remainder when 13217 is divided by 4293?
338
Calculate the remainder when 2186 is divided by 1079.
28
Calculate the remainder when 8897 is divided by 107.
16
What is the remainder when 1620 is divided by 123?
21
Calculate the remainder when 484588 is divided by 104.
52
What is the remainder when 13341 is divided by 698?
79
Calculate the remainder when 12453 is divided by 41.
30
What is the remainder when 3784 is divided by 38?
22
What is the remainder when 1157 is divided by 766?
391
What is the remainder when 56101 is divided by 561?
1
What is the remainder when 56192 is divided by 1192?
168
Calculate the remainder when 6164 is divided by 1507.
136
What is the remainder when 22590 is divided by 47?
30
What is the remainder when 8499 is divided by 15?
9
What is the remainder when 138639 is divided by 44?
39
Calculate the remainder when 7524 is divided by 678.
66
Calculate the remainder when 572031 is divide